{"id":3230,"date":"2025-01-08T09:44:47","date_gmt":"2025-01-08T09:44:47","guid":{"rendered":"https:\/\/bialozielonerugbygdansk.pl\/?page_id=3230"},"modified":"2025-07-13T14:41:03","modified_gmt":"2025-07-13T14:41:03","slug":"koszyk-2","status":"publish","type":"page","link":"https:\/\/bialozielonerugbygdansk.pl\/index.php\/koszyk-2\/","title":{"rendered":"Koszyk"},"content":{"rendered":"\t\t<div data-elementor-type=\"wp-page\" data-elementor-id=\"3230\" class=\"elementor elementor-3230\" data-elementor-post-type=\"page\">\n\t\t\t\t\t\t\t\t\t<section class=\"elementor-section elementor-top-section elementor-element elementor-element-0e243b5 elementor-section-full_width elementor-section-height-min-height elementor-section-height-default elementor-section-items-middle\" data-id=\"0e243b5\" data-element_type=\"section\" data-settings=\"{&quot;background_background&quot;:&quot;classic&quot;,&quot;shape_divider_bottom&quot;:&quot;tilt&quot;}\">\n\t\t\t\t\t\t\t<div class=\"elementor-background-overlay\"><\/div>\n\t\t\t\t\t\t<div class=\"elementor-shape elementor-shape-bottom\" data-negative=\"false\">\n\t\t\t<svg xmlns=\"http:\/\/www.w3.org\/2000\/svg\" viewBox=\"0 0 1000 100\" preserveAspectRatio=\"none\">\n\t<path class=\"elementor-shape-fill\" d=\"M0,6V0h1000v100L0,6z\"\/>\n<\/svg>\t\t<\/div>\n\t\t\t\t\t<div class=\"elementor-container elementor-column-gap-extended\">\n\t\t\t\t\t<div class=\"elementor-column elementor-col-100 elementor-top-column elementor-element elementor-element-68b893c\" data-id=\"68b893c\" data-element_type=\"column\">\n\t\t\t<div class=\"elementor-widget-wrap elementor-element-populated\">\n\t\t\t\t\t\t\t\t<div class=\"elementor-element elementor-element-b687e1a elementor-widget elementor-widget-heading\" data-id=\"b687e1a\" data-element_type=\"widget\" data-widget_type=\"heading.default\">\n\t\t\t\t<div class=\"elementor-widget-container\">\n\t\t\t<style>\/*! elementor - v3.17.0 - 01-11-2023 *\/\n.elementor-heading-title{padding:0;margin:0;line-height:1}.elementor-widget-heading .elementor-heading-title[class*=elementor-size-]>a{color:inherit;font-size:inherit;line-height:inherit}.elementor-widget-heading .elementor-heading-title.elementor-size-small{font-size:15px}.elementor-widget-heading .elementor-heading-title.elementor-size-medium{font-size:19px}.elementor-widget-heading .elementor-heading-title.elementor-size-large{font-size:29px}.elementor-widget-heading .elementor-heading-title.elementor-size-xl{font-size:39px}.elementor-widget-heading .elementor-heading-title.elementor-size-xxl{font-size:59px}<\/style><h2 class=\"elementor-heading-title elementor-size-default\">Koszyk<\/h2>\t\t<\/div>\n\t\t\t\t<\/div>\n\t\t\t\t<div class=\"elementor-element elementor-element-52c6e11 elementor-widget-divider--view-line elementor-widget elementor-widget-divider\" data-id=\"52c6e11\" data-element_type=\"widget\" data-widget_type=\"divider.default\">\n\t\t\t\t<div class=\"elementor-widget-container\">\n\t\t\t<style>\/*! elementor - v3.17.0 - 01-11-2023 *\/\n.elementor-widget-divider{--divider-border-style:none;--divider-border-width:1px;--divider-color:#0c0d0e;--divider-icon-size:20px;--divider-element-spacing:10px;--divider-pattern-height:24px;--divider-pattern-size:20px;--divider-pattern-url:none;--divider-pattern-repeat:repeat-x}.elementor-widget-divider .elementor-divider{display:flex}.elementor-widget-divider .elementor-divider__text{font-size:15px;line-height:1;max-width:95%}.elementor-widget-divider .elementor-divider__element{margin:0 var(--divider-element-spacing);flex-shrink:0}.elementor-widget-divider .elementor-icon{font-size:var(--divider-icon-size)}.elementor-widget-divider .elementor-divider-separator{display:flex;margin:0;direction:ltr}.elementor-widget-divider--view-line_icon .elementor-divider-separator,.elementor-widget-divider--view-line_text .elementor-divider-separator{align-items:center}.elementor-widget-divider--view-line_icon .elementor-divider-separator:after,.elementor-widget-divider--view-line_icon .elementor-divider-separator:before,.elementor-widget-divider--view-line_text .elementor-divider-separator:after,.elementor-widget-divider--view-line_text .elementor-divider-separator:before{display:block;content:\"\";border-bottom:0;flex-grow:1;border-top:var(--divider-border-width) var(--divider-border-style) var(--divider-color)}.elementor-widget-divider--element-align-left .elementor-divider .elementor-divider-separator>.elementor-divider__svg:first-of-type{flex-grow:0;flex-shrink:100}.elementor-widget-divider--element-align-left .elementor-divider-separator:before{content:none}.elementor-widget-divider--element-align-left .elementor-divider__element{margin-left:0}.elementor-widget-divider--element-align-right .elementor-divider .elementor-divider-separator>.elementor-divider__svg:last-of-type{flex-grow:0;flex-shrink:100}.elementor-widget-divider--element-align-right .elementor-divider-separator:after{content:none}.elementor-widget-divider--element-align-right .elementor-divider__element{margin-right:0}.elementor-widget-divider:not(.elementor-widget-divider--view-line_text):not(.elementor-widget-divider--view-line_icon) .elementor-divider-separator{border-top:var(--divider-border-width) var(--divider-border-style) var(--divider-color)}.elementor-widget-divider--separator-type-pattern{--divider-border-style:none}.elementor-widget-divider--separator-type-pattern.elementor-widget-divider--view-line .elementor-divider-separator,.elementor-widget-divider--separator-type-pattern:not(.elementor-widget-divider--view-line) .elementor-divider-separator:after,.elementor-widget-divider--separator-type-pattern:not(.elementor-widget-divider--view-line) .elementor-divider-separator:before,.elementor-widget-divider--separator-type-pattern:not([class*=elementor-widget-divider--view]) .elementor-divider-separator{width:100%;min-height:var(--divider-pattern-height);-webkit-mask-size:var(--divider-pattern-size) 100%;mask-size:var(--divider-pattern-size) 100%;-webkit-mask-repeat:var(--divider-pattern-repeat);mask-repeat:var(--divider-pattern-repeat);background-color:var(--divider-color);-webkit-mask-image:var(--divider-pattern-url);mask-image:var(--divider-pattern-url)}.elementor-widget-divider--no-spacing{--divider-pattern-size:auto}.elementor-widget-divider--bg-round{--divider-pattern-repeat:round}.rtl .elementor-widget-divider .elementor-divider__text{direction:rtl}.e-con-inner>.elementor-widget-divider,.e-con>.elementor-widget-divider{width:var(--container-widget-width,100%);--flex-grow:var(--container-widget-flex-grow)}<\/style>\t\t<div class=\"elementor-divider\">\n\t\t\t<span class=\"elementor-divider-separator\">\n\t\t\t\t\t\t<\/span>\n\t\t<\/div>\n\t\t\t\t<\/div>\n\t\t\t\t<\/div>\n\t\t\t\t\t<\/div>\n\t\t<\/div>\n\t\t\t\t\t\t\t<\/div>\n\t\t<\/section>\n\t\t\t\t<section class=\"elementor-section elementor-top-section elementor-element elementor-element-0abe469 elementor-section-boxed elementor-section-height-default elementor-section-height-default\" data-id=\"0abe469\" data-element_type=\"section\">\n\t\t\t\t\t\t<div class=\"elementor-container elementor-column-gap-default\">\n\t\t\t\t\t<div class=\"elementor-column elementor-col-100 elementor-top-column elementor-element elementor-element-fc62196\" data-id=\"fc62196\" data-element_type=\"column\">\n\t\t\t<div class=\"elementor-widget-wrap elementor-element-populated\">\n\t\t\t\t\t\t\t\t<div class=\"elementor-element elementor-element-e6be5bd elementor-widget__width-initial e-checkout-layout-two-column elementor-widget elementor-widget-woocommerce-checkout-page\" data-id=\"e6be5bd\" data-element_type=\"widget\" data-widget_type=\"woocommerce-checkout-page.default\">\n\t\t\t\t<div class=\"elementor-widget-container\">\n\t\t\t<link rel=\"stylesheet\" href=\"https:\/\/bialozielonerugbygdansk.pl\/wp-content\/plugins\/elementor-pro\/assets\/css\/widget-woocommerce.min.css\"><div class=\"woocommerce\"><\/div>\t\t<\/div>\n\t\t\t\t<\/div>\n\t\t\t\t\t<\/div>\n\t\t<\/div>\n\t\t\t\t\t\t\t<\/div>\n\t\t<\/section>\n\t\t\t\t\t\t\t<\/div>\n\t\t","protected":false},"excerpt":{"rendered":"<p>Koszyk Billing Details Imi\u0119&nbsp;* Nazwisko&nbsp;* Nazwa Firmy&nbsp;(opcjonalne) Kraj \/ region&nbsp;*Polska Ulica&nbsp;* Nr mieszkania, lokalu, itp.&nbsp;(opcjonalne) Kod pocztowy&nbsp;* Miasto&nbsp;* Wojew\u00f3dztwo \/ Region&nbsp;(opcjonalne) Telefon&nbsp;* E-mail &nbsp;* Ship to a different address? Imi\u0119&nbsp;* Nazwisko&nbsp;* Nazwa Firmy&nbsp;(opcjonalne) Kraj \/ region&nbsp;*Polska Ulica&nbsp;* Nr mieszkania, lokalu, itp.&nbsp;(opcjonalne) Kod pocztowy&nbsp;* Miasto&nbsp;* Wojew\u00f3dztwo \/ Region&nbsp;(opcjonalne) Dodatkowe informacje&nbsp;(opcjonalne) Your Order Produkt Kwota Damska czarna [&hellip;]<\/p>\n","protected":false},"author":1,"featured_media":0,"parent":0,"menu_order":0,"comment_status":"closed","ping_status":"closed","template":"","meta":{"ocean_post_layout":"","ocean_both_sidebars_style":"","ocean_both_sidebars_content_width":0,"ocean_both_sidebars_sidebars_width":0,"ocean_sidebar":"","ocean_second_sidebar":"","ocean_disable_margins":"enable","ocean_add_body_class":"","ocean_shortcode_before_top_bar":"","ocean_shortcode_after_top_bar":"","ocean_shortcode_before_header":"","ocean_shortcode_after_header":"","ocean_has_shortcode":"","ocean_shortcode_after_title":"","ocean_shortcode_before_footer_widgets":"","ocean_shortcode_after_footer_widgets":"","ocean_shortcode_before_footer_bottom":"","ocean_shortcode_after_footer_bottom":"","ocean_display_top_bar":"default","ocean_display_header":"default","ocean_header_style":"","ocean_center_header_left_menu":"","ocean_custom_header_template":"","ocean_custom_logo":0,"ocean_custom_retina_logo":0,"ocean_custom_logo_max_width":0,"ocean_custom_logo_tablet_max_width":0,"ocean_custom_logo_mobile_max_width":0,"ocean_custom_logo_max_height":0,"ocean_custom_logo_tablet_max_height":0,"ocean_custom_logo_mobile_max_height":0,"ocean_header_custom_menu":"","ocean_menu_typo_font_family":"","ocean_menu_typo_font_subset":"","ocean_menu_typo_font_size":0,"ocean_menu_typo_font_size_tablet":0,"ocean_menu_typo_font_size_mobile":0,"ocean_menu_typo_font_size_unit":"px","ocean_menu_typo_font_weight":"","ocean_menu_typo_font_weight_tablet":"","ocean_menu_typo_font_weight_mobile":"","ocean_menu_typo_transform":"","ocean_menu_typo_transform_tablet":"","ocean_menu_typo_transform_mobile":"","ocean_menu_typo_line_height":0,"ocean_menu_typo_line_height_tablet":0,"ocean_menu_typo_line_height_mobile":0,"ocean_menu_typo_line_height_unit":"","ocean_menu_typo_spacing":0,"ocean_menu_typo_spacing_tablet":0,"ocean_menu_typo_spacing_mobile":0,"ocean_menu_typo_spacing_unit":"","ocean_menu_link_color":"","ocean_menu_link_color_hover":"","ocean_menu_link_color_active":"","ocean_menu_link_background":"","ocean_menu_link_hover_background":"","ocean_menu_link_active_background":"","ocean_menu_social_links_bg":"","ocean_menu_social_hover_links_bg":"","ocean_menu_social_links_color":"","ocean_menu_social_hover_links_color":"","ocean_disable_title":"default","ocean_disable_heading":"default","ocean_post_title":"","ocean_post_subheading":"","ocean_post_title_style":"","ocean_post_title_background_color":"","ocean_post_title_background":0,"ocean_post_title_bg_image_position":"","ocean_post_title_bg_image_attachment":"","ocean_post_title_bg_image_repeat":"","ocean_post_title_bg_image_size":"","ocean_post_title_height":0,"ocean_post_title_bg_overlay":0.5,"ocean_post_title_bg_overlay_color":"","ocean_disable_breadcrumbs":"default","ocean_breadcrumbs_color":"","ocean_breadcrumbs_separator_color":"","ocean_breadcrumbs_links_color":"","ocean_breadcrumbs_links_hover_color":"","ocean_display_footer_widgets":"default","ocean_display_footer_bottom":"default","ocean_custom_footer_template":"","footnotes":""},"class_list":["post-3230","page","type-page","status-publish","hentry","entry","owp-thumbs-layout-horizontal","owp-btn-normal","owp-tabs-layout-horizontal","has-no-thumbnails","has-product-nav"],"yoast_head":"<!-- This site is optimized with the Yoast SEO plugin v24.1 - https:\/\/yoast.com\/wordpress\/plugins\/seo\/ -->\n<title>Koszyk | Bia\u0142o-Zielone Ladies Gda\u0144sk<\/title>\n<meta name=\"robots\" content=\"index, follow, max-snippet:-1, max-image-preview:large, max-video-preview:-1\" \/>\n<link rel=\"canonical\" href=\"https:\/\/bialozielonerugbygdansk.pl\/index.php\/koszyk-2\/\" \/>\n<meta property=\"og:locale\" content=\"pl_PL\" \/>\n<meta property=\"og:type\" content=\"article\" \/>\n<meta property=\"og:title\" content=\"Koszyk | Bia\u0142o-Zielone Ladies Gda\u0144sk\" \/>\n<meta property=\"og:description\" content=\"Koszyk Billing Details Imi\u0119&nbsp;* Nazwisko&nbsp;* Nazwa Firmy&nbsp;(opcjonalne) Kraj \/ region&nbsp;*Polska Ulica&nbsp;* Nr mieszkania, lokalu, itp.&nbsp;(opcjonalne) Kod pocztowy&nbsp;* Miasto&nbsp;* Wojew\u00f3dztwo \/ Region&nbsp;(opcjonalne) Telefon&nbsp;* E-mail &nbsp;* Ship to a different address? Imi\u0119&nbsp;* Nazwisko&nbsp;* Nazwa Firmy&nbsp;(opcjonalne) Kraj \/ region&nbsp;*Polska Ulica&nbsp;* Nr mieszkania, lokalu, itp.&nbsp;(opcjonalne) Kod pocztowy&nbsp;* Miasto&nbsp;* Wojew\u00f3dztwo \/ Region&nbsp;(opcjonalne) Dodatkowe informacje&nbsp;(opcjonalne) Your Order Produkt Kwota Damska czarna [&hellip;]\" \/>\n<meta property=\"og:url\" content=\"https:\/\/bialozielonerugbygdansk.pl\/index.php\/koszyk-2\/\" \/>\n<meta property=\"og:site_name\" content=\"Bia\u0142o-Zielone Ladies Gda\u0144sk\" \/>\n<meta property=\"article:publisher\" content=\"https:\/\/www.facebook.com\/BialoZielone\" \/>\n<meta property=\"article:modified_time\" content=\"2025-07-13T14:41:03+00:00\" \/>\n<meta property=\"og:image\" content=\"https:\/\/bialozielonerugbygdansk.pl\/wp-content\/uploads\/2024\/10\/bialoz.png\" \/>\n\t<meta property=\"og:image:width\" content=\"225\" \/>\n\t<meta property=\"og:image:height\" content=\"224\" \/>\n\t<meta property=\"og:image:type\" content=\"image\/png\" \/>\n<meta name=\"twitter:card\" content=\"summary_large_image\" \/>\n<meta name=\"twitter:label1\" content=\"Szacowany czas czytania\" \/>\n\t<meta name=\"twitter:data1\" content=\"2 minuty\" \/>\n<script type=\"application\/ld+json\" class=\"yoast-schema-graph\">{\"@context\":\"https:\/\/schema.org\",\"@graph\":[{\"@type\":\"WebPage\",\"@id\":\"https:\/\/bialozielonerugbygdansk.pl\/index.php\/koszyk-2\/\",\"url\":\"https:\/\/bialozielonerugbygdansk.pl\/index.php\/koszyk-2\/\",\"name\":\"Koszyk | Bia\u0142o-Zielone Ladies Gda\u0144sk\",\"isPartOf\":{\"@id\":\"https:\/\/bialozielonerugbygdansk.pl\/#website\"},\"datePublished\":\"2025-01-08T09:44:47+00:00\",\"dateModified\":\"2025-07-13T14:41:03+00:00\",\"breadcrumb\":{\"@id\":\"https:\/\/bialozielonerugbygdansk.pl\/index.php\/koszyk-2\/#breadcrumb\"},\"inLanguage\":\"pl-PL\",\"potentialAction\":[{\"@type\":\"ReadAction\",\"target\":[\"https:\/\/bialozielonerugbygdansk.pl\/index.php\/koszyk-2\/\"]}]},{\"@type\":\"BreadcrumbList\",\"@id\":\"https:\/\/bialozielonerugbygdansk.pl\/index.php\/koszyk-2\/#breadcrumb\",\"itemListElement\":[{\"@type\":\"ListItem\",\"position\":1,\"name\":\"Strona g\u0142\u00f3wna\",\"item\":\"https:\/\/bialozielonerugbygdansk.pl\/\"},{\"@type\":\"ListItem\",\"position\":2,\"name\":\"Koszyk\"}]},{\"@type\":\"WebSite\",\"@id\":\"https:\/\/bialozielonerugbygdansk.pl\/#website\",\"url\":\"https:\/\/bialozielonerugbygdansk.pl\/\",\"name\":\"Bia\u0142o-Zielone Ladies Gda\u0144sk\",\"description\":\"Mistrzynie Polski w rugby 7 !\",\"publisher\":{\"@id\":\"https:\/\/bialozielonerugbygdansk.pl\/#organization\"},\"alternateName\":\"Energa\",\"potentialAction\":[{\"@type\":\"SearchAction\",\"target\":{\"@type\":\"EntryPoint\",\"urlTemplate\":\"https:\/\/bialozielonerugbygdansk.pl\/?s={search_term_string}\"},\"query-input\":{\"@type\":\"PropertyValueSpecification\",\"valueRequired\":true,\"valueName\":\"search_term_string\"}}],\"inLanguage\":\"pl-PL\"},{\"@type\":\"Organization\",\"@id\":\"https:\/\/bialozielonerugbygdansk.pl\/#organization\",\"name\":\"Bia\u0142o-Zielone Ladies Gda\u0144sk\",\"url\":\"https:\/\/bialozielonerugbygdansk.pl\/\",\"logo\":{\"@type\":\"ImageObject\",\"inLanguage\":\"pl-PL\",\"@id\":\"https:\/\/bialozielonerugbygdansk.pl\/#\/schema\/logo\/image\/\",\"url\":\"https:\/\/bialozielonerugbygdansk.pl\/wp-content\/uploads\/2022\/11\/Bialo-Zielone-Ladies-Gdansk-1.png\",\"contentUrl\":\"https:\/\/bialozielonerugbygdansk.pl\/wp-content\/uploads\/2022\/11\/Bialo-Zielone-Ladies-Gdansk-1.png\",\"width\":100,\"height\":100,\"caption\":\"Bia\u0142o-Zielone Ladies Gda\u0144sk\"},\"image\":{\"@id\":\"https:\/\/bialozielonerugbygdansk.pl\/#\/schema\/logo\/image\/\"},\"sameAs\":[\"https:\/\/www.facebook.com\/BialoZielone\",\"https:\/\/www.instagram.com\/energabialozieloneladies\/\"]}]}<\/script>\n<!-- \/ Yoast SEO plugin. -->","yoast_head_json":{"title":"Koszyk | Bia\u0142o-Zielone Ladies Gda\u0144sk","robots":{"index":"index","follow":"follow","max-snippet":"max-snippet:-1","max-image-preview":"max-image-preview:large","max-video-preview":"max-video-preview:-1"},"canonical":"https:\/\/bialozielonerugbygdansk.pl\/index.php\/koszyk-2\/","og_locale":"pl_PL","og_type":"article","og_title":"Koszyk | Bia\u0142o-Zielone Ladies Gda\u0144sk","og_description":"Koszyk Billing Details Imi\u0119&nbsp;* Nazwisko&nbsp;* Nazwa Firmy&nbsp;(opcjonalne) Kraj \/ region&nbsp;*Polska Ulica&nbsp;* Nr mieszkania, lokalu, itp.&nbsp;(opcjonalne) Kod pocztowy&nbsp;* Miasto&nbsp;* Wojew\u00f3dztwo \/ Region&nbsp;(opcjonalne) Telefon&nbsp;* E-mail &nbsp;* Ship to a different address? Imi\u0119&nbsp;* Nazwisko&nbsp;* Nazwa Firmy&nbsp;(opcjonalne) Kraj \/ region&nbsp;*Polska Ulica&nbsp;* Nr mieszkania, lokalu, itp.&nbsp;(opcjonalne) Kod pocztowy&nbsp;* Miasto&nbsp;* Wojew\u00f3dztwo \/ Region&nbsp;(opcjonalne) Dodatkowe informacje&nbsp;(opcjonalne) Your Order Produkt Kwota Damska czarna [&hellip;]","og_url":"https:\/\/bialozielonerugbygdansk.pl\/index.php\/koszyk-2\/","og_site_name":"Bia\u0142o-Zielone Ladies Gda\u0144sk","article_publisher":"https:\/\/www.facebook.com\/BialoZielone","article_modified_time":"2025-07-13T14:41:03+00:00","og_image":[{"width":225,"height":224,"url":"https:\/\/bialozielonerugbygdansk.pl\/wp-content\/uploads\/2024\/10\/bialoz.png","type":"image\/png"}],"twitter_card":"summary_large_image","twitter_misc":{"Szacowany czas czytania":"2 minuty"},"schema":{"@context":"https:\/\/schema.org","@graph":[{"@type":"WebPage","@id":"https:\/\/bialozielonerugbygdansk.pl\/index.php\/koszyk-2\/","url":"https:\/\/bialozielonerugbygdansk.pl\/index.php\/koszyk-2\/","name":"Koszyk | Bia\u0142o-Zielone Ladies Gda\u0144sk","isPartOf":{"@id":"https:\/\/bialozielonerugbygdansk.pl\/#website"},"datePublished":"2025-01-08T09:44:47+00:00","dateModified":"2025-07-13T14:41:03+00:00","breadcrumb":{"@id":"https:\/\/bialozielonerugbygdansk.pl\/index.php\/koszyk-2\/#breadcrumb"},"inLanguage":"pl-PL","potentialAction":[{"@type":"ReadAction","target":["https:\/\/bialozielonerugbygdansk.pl\/index.php\/koszyk-2\/"]}]},{"@type":"BreadcrumbList","@id":"https:\/\/bialozielonerugbygdansk.pl\/index.php\/koszyk-2\/#breadcrumb","itemListElement":[{"@type":"ListItem","position":1,"name":"Strona g\u0142\u00f3wna","item":"https:\/\/bialozielonerugbygdansk.pl\/"},{"@type":"ListItem","position":2,"name":"Koszyk"}]},{"@type":"WebSite","@id":"https:\/\/bialozielonerugbygdansk.pl\/#website","url":"https:\/\/bialozielonerugbygdansk.pl\/","name":"Bia\u0142o-Zielone Ladies Gda\u0144sk","description":"Mistrzynie Polski w rugby 7 !","publisher":{"@id":"https:\/\/bialozielonerugbygdansk.pl\/#organization"},"alternateName":"Energa","potentialAction":[{"@type":"SearchAction","target":{"@type":"EntryPoint","urlTemplate":"https:\/\/bialozielonerugbygdansk.pl\/?s={search_term_string}"},"query-input":{"@type":"PropertyValueSpecification","valueRequired":true,"valueName":"search_term_string"}}],"inLanguage":"pl-PL"},{"@type":"Organization","@id":"https:\/\/bialozielonerugbygdansk.pl\/#organization","name":"Bia\u0142o-Zielone Ladies Gda\u0144sk","url":"https:\/\/bialozielonerugbygdansk.pl\/","logo":{"@type":"ImageObject","inLanguage":"pl-PL","@id":"https:\/\/bialozielonerugbygdansk.pl\/#\/schema\/logo\/image\/","url":"https:\/\/bialozielonerugbygdansk.pl\/wp-content\/uploads\/2022\/11\/Bialo-Zielone-Ladies-Gdansk-1.png","contentUrl":"https:\/\/bialozielonerugbygdansk.pl\/wp-content\/uploads\/2022\/11\/Bialo-Zielone-Ladies-Gdansk-1.png","width":100,"height":100,"caption":"Bia\u0142o-Zielone Ladies Gda\u0144sk"},"image":{"@id":"https:\/\/bialozielonerugbygdansk.pl\/#\/schema\/logo\/image\/"},"sameAs":["https:\/\/www.facebook.com\/BialoZielone","https:\/\/www.instagram.com\/energabialozieloneladies\/"]}]}},"_links":{"self":[{"href":"https:\/\/bialozielonerugbygdansk.pl\/index.php\/wp-json\/wp\/v2\/pages\/3230","targetHints":{"allow":["GET"]}}],"collection":[{"href":"https:\/\/bialozielonerugbygdansk.pl\/index.php\/wp-json\/wp\/v2\/pages"}],"about":[{"href":"https:\/\/bialozielonerugbygdansk.pl\/index.php\/wp-json\/wp\/v2\/types\/page"}],"author":[{"embeddable":true,"href":"https:\/\/bialozielonerugbygdansk.pl\/index.php\/wp-json\/wp\/v2\/users\/1"}],"replies":[{"embeddable":true,"href":"https:\/\/bialozielonerugbygdansk.pl\/index.php\/wp-json\/wp\/v2\/comments?post=3230"}],"version-history":[{"count":16,"href":"https:\/\/bialozielonerugbygdansk.pl\/index.php\/wp-json\/wp\/v2\/pages\/3230\/revisions"}],"predecessor-version":[{"id":3916,"href":"https:\/\/bialozielonerugbygdansk.pl\/index.php\/wp-json\/wp\/v2\/pages\/3230\/revisions\/3916"}],"wp:attachment":[{"href":"https:\/\/bialozielonerugbygdansk.pl\/index.php\/wp-json\/wp\/v2\/media?parent=3230"}],"curies":[{"name":"wp","href":"https:\/\/api.w.org\/{rel}","templated":true}]}}