{"id":3216,"date":"2025-01-08T09:00:30","date_gmt":"2025-01-08T09:00:30","guid":{"rendered":"https:\/\/bialozielonerugbygdansk.pl\/?post_type=product&#038;p=3216"},"modified":"2025-01-08T09:25:01","modified_gmt":"2025-01-08T09:25:01","slug":"worek-bialo-zielone-ladies-gdanska","status":"publish","type":"product","link":"https:\/\/bialozielonerugbygdansk.pl\/index.php\/produkt\/worek-bialo-zielone-ladies-gdanska\/","title":{"rendered":"Worek Bia\u0142o-Zielone Ladies Gda\u0144ska"},"content":{"rendered":"<h3 class=\"subtitle___9ljbp\">Uniwersalna torba sportowa na niezb\u0119dne przedmioty.<\/h3>\n<p class=\"gl-vspace\">Dzi\u0119ki swojej mi\u0119kkiej, elastycznej konstrukcji sportowa torba jest wyj\u0105tkowo uniwersalna. W kieszeni bocznej na suwak przechowasz swoje drobiazgi w zasi\u0119gu r\u0119ki. Torba prezentuje du\u017ce logo adidas oraz Bia\u0142o-Zielone Ladies Gda\u0144sk<\/p>\n","protected":false},"excerpt":{"rendered":"<div class=\"detail-parameter__item col-12 col-lg-6 row m-0\"><strong class=\"mr-2\">Producent:<\/strong>adidas<\/div>\n<div class=\"detail-parameter__item col-12 col-lg-6 row m-0\"><strong class=\"mr-2\">P\u0142e\u0107:<\/strong>Unisex<\/div>\n<div class=\"detail-parameter__item col-12 col-lg-6 row m-0\"><strong class=\"mr-2\">Kolor:<\/strong>Czarny<\/div>\n<div class=\"detail-parameter__item col-12 col-lg-6 row m-0\"><strong class=\"mr-2\">Zr\u00f3wnowa\u017cone:<\/strong>Produkt pochodzi ze zr\u00f3wnowa\u017conych \u017ar\u00f3de\u0142<\/div>\n<div class=\"detail-parameter__item col-12 col-lg-6 row m-0\"><strong class=\"mr-2\">Wymiary:<\/strong>37 cm \u00d7 47 cm<\/div>\n<div class=\"detail-parameter__item col-12 col-lg-6 row m-0\"><strong class=\"mr-2\">Obj\u0119to\u015b\u0107 (l):<\/strong>14.00000<\/div>\n<div class=\"detail-parameter__item col-12 col-lg-6 row m-0\"><strong class=\"mr-2\">Materia\u0142:<\/strong>100% recycled polyester<\/div>\n","protected":false},"featured_media":3225,"template":"","meta":{"ocean_post_layout":"","ocean_both_sidebars_style":"","ocean_both_sidebars_content_width":0,"ocean_both_sidebars_sidebars_width":0,"ocean_sidebar":"0","ocean_second_sidebar":"0","ocean_disable_margins":"enable","ocean_add_body_class":"","ocean_shortcode_before_top_bar":"","ocean_shortcode_after_top_bar":"","ocean_shortcode_before_header":"","ocean_shortcode_after_header":"","ocean_has_shortcode":"","ocean_shortcode_after_title":"","ocean_shortcode_before_footer_widgets":"","ocean_shortcode_after_footer_widgets":"","ocean_shortcode_before_footer_bottom":"","ocean_shortcode_after_footer_bottom":"","ocean_display_top_bar":"default","ocean_display_header":"default","ocean_header_style":"","ocean_center_header_left_menu":"0","ocean_custom_header_template":"0","ocean_custom_logo":0,"ocean_custom_retina_logo":0,"ocean_custom_logo_max_width":0,"ocean_custom_logo_tablet_max_width":0,"ocean_custom_logo_mobile_max_width":0,"ocean_custom_logo_max_height":0,"ocean_custom_logo_tablet_max_height":0,"ocean_custom_logo_mobile_max_height":0,"ocean_header_custom_menu":"0","ocean_menu_typo_font_family":"0","ocean_menu_typo_font_subset":"","ocean_menu_typo_font_size":0,"ocean_menu_typo_font_size_tablet":0,"ocean_menu_typo_font_size_mobile":0,"ocean_menu_typo_font_size_unit":"px","ocean_menu_typo_font_weight":"","ocean_menu_typo_font_weight_tablet":"","ocean_menu_typo_font_weight_mobile":"","ocean_menu_typo_transform":"","ocean_menu_typo_transform_tablet":"","ocean_menu_typo_transform_mobile":"","ocean_menu_typo_line_height":0,"ocean_menu_typo_line_height_tablet":0,"ocean_menu_typo_line_height_mobile":0,"ocean_menu_typo_line_height_unit":"","ocean_menu_typo_spacing":0,"ocean_menu_typo_spacing_tablet":0,"ocean_menu_typo_spacing_mobile":0,"ocean_menu_typo_spacing_unit":"","ocean_menu_link_color":"","ocean_menu_link_color_hover":"","ocean_menu_link_color_active":"","ocean_menu_link_background":"","ocean_menu_link_hover_background":"","ocean_menu_link_active_background":"","ocean_menu_social_links_bg":"","ocean_menu_social_hover_links_bg":"","ocean_menu_social_links_color":"","ocean_menu_social_hover_links_color":"","ocean_disable_title":"default","ocean_disable_heading":"default","ocean_post_title":"","ocean_post_subheading":"","ocean_post_title_style":"","ocean_post_title_background_color":"","ocean_post_title_background":0,"ocean_post_title_bg_image_position":"","ocean_post_title_bg_image_attachment":"","ocean_post_title_bg_image_repeat":"","ocean_post_title_bg_image_size":"","ocean_post_title_height":0,"ocean_post_title_bg_overlay":0.5,"ocean_post_title_bg_overlay_color":"","ocean_disable_breadcrumbs":"default","ocean_breadcrumbs_color":"","ocean_breadcrumbs_separator_color":"","ocean_breadcrumbs_links_color":"","ocean_breadcrumbs_links_hover_color":"","ocean_display_footer_widgets":"default","ocean_display_footer_bottom":"default","ocean_custom_footer_template":"0"},"product_cat":[48,58],"product_tag":[60,61,59],"class_list":{"0":"post-3216","1":"product","2":"type-product","3":"status-publish","4":"has-post-thumbnail","6":"product_cat-bez-kategorii","7":"product_cat-worki","8":"product_tag-adidas","9":"product_tag-czarny","10":"product_tag-worek","12":"entry","13":"has-media","15":"first","16":"instock","17":"taxable","18":"shipping-taxable","19":"purchasable","20":"product-type-simple","21":"has-product-nav","22":"col","23":"span_1_of_3","24":"owp-content-center","25":"owp-thumbs-layout-horizontal","26":"owp-btn-normal","27":"owp-tabs-layout-horizontal","28":"has-no-thumbnails"},"yoast_head":"<!-- This site is optimized with the Yoast SEO plugin v24.1 - https:\/\/yoast.com\/wordpress\/plugins\/seo\/ -->\n<title>Worek Bia\u0142o-Zielone Ladies Gda\u0144ska | Bia\u0142o-Zielone Ladies Gda\u0144sk<\/title>\n<meta name=\"robots\" content=\"index, follow, max-snippet:-1, max-image-preview:large, max-video-preview:-1\" \/>\n<link rel=\"canonical\" href=\"https:\/\/bialozielonerugbygdansk.pl\/index.php\/produkt\/worek-bialo-zielone-ladies-gdanska\/\" \/>\n<meta property=\"og:locale\" content=\"pl_PL\" \/>\n<meta property=\"og:type\" content=\"article\" \/>\n<meta property=\"og:title\" content=\"Worek Bia\u0142o-Zielone Ladies Gda\u0144ska | Bia\u0142o-Zielone Ladies Gda\u0144sk\" \/>\n<meta property=\"og:description\" content=\"Producent:adidas P\u0142e\u0107:Unisex Kolor:Czarny Zr\u00f3wnowa\u017cone:Produkt pochodzi ze zr\u00f3wnowa\u017conych \u017ar\u00f3de\u0142 Wymiary:37 cm \u00d7 47 cm Obj\u0119to\u015b\u0107 (l):14.00000 Materia\u0142:100% recycled polyester\" \/>\n<meta property=\"og:url\" content=\"https:\/\/bialozielonerugbygdansk.pl\/index.php\/produkt\/worek-bialo-zielone-ladies-gdanska\/\" \/>\n<meta property=\"og:site_name\" content=\"Bia\u0142o-Zielone Ladies Gda\u0144sk\" \/>\n<meta property=\"article:publisher\" content=\"https:\/\/www.facebook.com\/BialoZielone\" \/>\n<meta property=\"article:modified_time\" content=\"2025-01-08T09:25:01+00:00\" \/>\n<meta property=\"og:image\" content=\"https:\/\/bialozielonerugbygdansk.pl\/wp-content\/uploads\/2025\/01\/2-1.jpg\" \/>\n\t<meta property=\"og:image:width\" content=\"1080\" \/>\n\t<meta property=\"og:image:height\" content=\"1080\" \/>\n\t<meta property=\"og:image:type\" content=\"image\/jpeg\" \/>\n<meta name=\"twitter:card\" content=\"summary_large_image\" \/>\n<meta name=\"twitter:label1\" content=\"Szacowany czas czytania\" \/>\n\t<meta name=\"twitter:data1\" content=\"1 minuta\" \/>\n<script type=\"application\/ld+json\" class=\"yoast-schema-graph\">{\"@context\":\"https:\/\/schema.org\",\"@graph\":[{\"@type\":\"WebPage\",\"@id\":\"https:\/\/bialozielonerugbygdansk.pl\/index.php\/produkt\/worek-bialo-zielone-ladies-gdanska\/\",\"url\":\"https:\/\/bialozielonerugbygdansk.pl\/index.php\/produkt\/worek-bialo-zielone-ladies-gdanska\/\",\"name\":\"Worek Bia\u0142o-Zielone Ladies Gda\u0144ska | Bia\u0142o-Zielone Ladies Gda\u0144sk\",\"isPartOf\":{\"@id\":\"https:\/\/bialozielonerugbygdansk.pl\/#website\"},\"primaryImageOfPage\":{\"@id\":\"https:\/\/bialozielonerugbygdansk.pl\/index.php\/produkt\/worek-bialo-zielone-ladies-gdanska\/#primaryimage\"},\"image\":{\"@id\":\"https:\/\/bialozielonerugbygdansk.pl\/index.php\/produkt\/worek-bialo-zielone-ladies-gdanska\/#primaryimage\"},\"thumbnailUrl\":\"https:\/\/bialozielonerugbygdansk.pl\/wp-content\/uploads\/2025\/01\/2-1.jpg\",\"datePublished\":\"2025-01-08T09:00:30+00:00\",\"dateModified\":\"2025-01-08T09:25:01+00:00\",\"breadcrumb\":{\"@id\":\"https:\/\/bialozielonerugbygdansk.pl\/index.php\/produkt\/worek-bialo-zielone-ladies-gdanska\/#breadcrumb\"},\"inLanguage\":\"pl-PL\",\"potentialAction\":[{\"@type\":\"ReadAction\",\"target\":[\"https:\/\/bialozielonerugbygdansk.pl\/index.php\/produkt\/worek-bialo-zielone-ladies-gdanska\/\"]}]},{\"@type\":\"ImageObject\",\"inLanguage\":\"pl-PL\",\"@id\":\"https:\/\/bialozielonerugbygdansk.pl\/index.php\/produkt\/worek-bialo-zielone-ladies-gdanska\/#primaryimage\",\"url\":\"https:\/\/bialozielonerugbygdansk.pl\/wp-content\/uploads\/2025\/01\/2-1.jpg\",\"contentUrl\":\"https:\/\/bialozielonerugbygdansk.pl\/wp-content\/uploads\/2025\/01\/2-1.jpg\",\"width\":1080,\"height\":1080},{\"@type\":\"BreadcrumbList\",\"@id\":\"https:\/\/bialozielonerugbygdansk.pl\/index.php\/produkt\/worek-bialo-zielone-ladies-gdanska\/#breadcrumb\",\"itemListElement\":[{\"@type\":\"ListItem\",\"position\":1,\"name\":\"Strona g\u0142\u00f3wna\",\"item\":\"https:\/\/bialozielonerugbygdansk.pl\/\"},{\"@type\":\"ListItem\",\"position\":2,\"name\":\"Kup cegie\u0142k\u0119\",\"item\":\"http:\/\/bialozielonerugbygdansk.pl\/index.php\/sklep\/\"},{\"@type\":\"ListItem\",\"position\":3,\"name\":\"Worek Bia\u0142o-Zielone Ladies Gda\u0144ska\"}]},{\"@type\":\"WebSite\",\"@id\":\"https:\/\/bialozielonerugbygdansk.pl\/#website\",\"url\":\"https:\/\/bialozielonerugbygdansk.pl\/\",\"name\":\"Bia\u0142o-Zielone Ladies Gda\u0144sk\",\"description\":\"Mistrzynie Polski w rugby 7 !\",\"publisher\":{\"@id\":\"https:\/\/bialozielonerugbygdansk.pl\/#organization\"},\"alternateName\":\"Energa\",\"potentialAction\":[{\"@type\":\"SearchAction\",\"target\":{\"@type\":\"EntryPoint\",\"urlTemplate\":\"https:\/\/bialozielonerugbygdansk.pl\/?s={search_term_string}\"},\"query-input\":{\"@type\":\"PropertyValueSpecification\",\"valueRequired\":true,\"valueName\":\"search_term_string\"}}],\"inLanguage\":\"pl-PL\"},{\"@type\":\"Organization\",\"@id\":\"https:\/\/bialozielonerugbygdansk.pl\/#organization\",\"name\":\"Bia\u0142o-Zielone Ladies Gda\u0144sk\",\"url\":\"https:\/\/bialozielonerugbygdansk.pl\/\",\"logo\":{\"@type\":\"ImageObject\",\"inLanguage\":\"pl-PL\",\"@id\":\"https:\/\/bialozielonerugbygdansk.pl\/#\/schema\/logo\/image\/\",\"url\":\"https:\/\/bialozielonerugbygdansk.pl\/wp-content\/uploads\/2022\/11\/Bialo-Zielone-Ladies-Gdansk-1.png\",\"contentUrl\":\"https:\/\/bialozielonerugbygdansk.pl\/wp-content\/uploads\/2022\/11\/Bialo-Zielone-Ladies-Gdansk-1.png\",\"width\":100,\"height\":100,\"caption\":\"Bia\u0142o-Zielone Ladies Gda\u0144sk\"},\"image\":{\"@id\":\"https:\/\/bialozielonerugbygdansk.pl\/#\/schema\/logo\/image\/\"},\"sameAs\":[\"https:\/\/www.facebook.com\/BialoZielone\",\"https:\/\/www.instagram.com\/energabialozieloneladies\/\"]}]}<\/script>\n<!-- \/ Yoast SEO plugin. -->","yoast_head_json":{"title":"Worek Bia\u0142o-Zielone Ladies Gda\u0144ska | Bia\u0142o-Zielone Ladies Gda\u0144sk","robots":{"index":"index","follow":"follow","max-snippet":"max-snippet:-1","max-image-preview":"max-image-preview:large","max-video-preview":"max-video-preview:-1"},"canonical":"https:\/\/bialozielonerugbygdansk.pl\/index.php\/produkt\/worek-bialo-zielone-ladies-gdanska\/","og_locale":"pl_PL","og_type":"article","og_title":"Worek Bia\u0142o-Zielone Ladies Gda\u0144ska | Bia\u0142o-Zielone Ladies Gda\u0144sk","og_description":"Producent:adidas P\u0142e\u0107:Unisex Kolor:Czarny Zr\u00f3wnowa\u017cone:Produkt pochodzi ze zr\u00f3wnowa\u017conych \u017ar\u00f3de\u0142 Wymiary:37 cm \u00d7 47 cm Obj\u0119to\u015b\u0107 (l):14.00000 Materia\u0142:100% recycled polyester","og_url":"https:\/\/bialozielonerugbygdansk.pl\/index.php\/produkt\/worek-bialo-zielone-ladies-gdanska\/","og_site_name":"Bia\u0142o-Zielone Ladies Gda\u0144sk","article_publisher":"https:\/\/www.facebook.com\/BialoZielone","article_modified_time":"2025-01-08T09:25:01+00:00","og_image":[{"width":1080,"height":1080,"url":"https:\/\/bialozielonerugbygdansk.pl\/wp-content\/uploads\/2025\/01\/2-1.jpg","type":"image\/jpeg"}],"twitter_card":"summary_large_image","twitter_misc":{"Szacowany czas czytania":"1 minuta"},"schema":{"@context":"https:\/\/schema.org","@graph":[{"@type":"WebPage","@id":"https:\/\/bialozielonerugbygdansk.pl\/index.php\/produkt\/worek-bialo-zielone-ladies-gdanska\/","url":"https:\/\/bialozielonerugbygdansk.pl\/index.php\/produkt\/worek-bialo-zielone-ladies-gdanska\/","name":"Worek Bia\u0142o-Zielone Ladies Gda\u0144ska | Bia\u0142o-Zielone Ladies Gda\u0144sk","isPartOf":{"@id":"https:\/\/bialozielonerugbygdansk.pl\/#website"},"primaryImageOfPage":{"@id":"https:\/\/bialozielonerugbygdansk.pl\/index.php\/produkt\/worek-bialo-zielone-ladies-gdanska\/#primaryimage"},"image":{"@id":"https:\/\/bialozielonerugbygdansk.pl\/index.php\/produkt\/worek-bialo-zielone-ladies-gdanska\/#primaryimage"},"thumbnailUrl":"https:\/\/bialozielonerugbygdansk.pl\/wp-content\/uploads\/2025\/01\/2-1.jpg","datePublished":"2025-01-08T09:00:30+00:00","dateModified":"2025-01-08T09:25:01+00:00","breadcrumb":{"@id":"https:\/\/bialozielonerugbygdansk.pl\/index.php\/produkt\/worek-bialo-zielone-ladies-gdanska\/#breadcrumb"},"inLanguage":"pl-PL","potentialAction":[{"@type":"ReadAction","target":["https:\/\/bialozielonerugbygdansk.pl\/index.php\/produkt\/worek-bialo-zielone-ladies-gdanska\/"]}]},{"@type":"ImageObject","inLanguage":"pl-PL","@id":"https:\/\/bialozielonerugbygdansk.pl\/index.php\/produkt\/worek-bialo-zielone-ladies-gdanska\/#primaryimage","url":"https:\/\/bialozielonerugbygdansk.pl\/wp-content\/uploads\/2025\/01\/2-1.jpg","contentUrl":"https:\/\/bialozielonerugbygdansk.pl\/wp-content\/uploads\/2025\/01\/2-1.jpg","width":1080,"height":1080},{"@type":"BreadcrumbList","@id":"https:\/\/bialozielonerugbygdansk.pl\/index.php\/produkt\/worek-bialo-zielone-ladies-gdanska\/#breadcrumb","itemListElement":[{"@type":"ListItem","position":1,"name":"Strona g\u0142\u00f3wna","item":"https:\/\/bialozielonerugbygdansk.pl\/"},{"@type":"ListItem","position":2,"name":"Kup cegie\u0142k\u0119","item":"http:\/\/bialozielonerugbygdansk.pl\/index.php\/sklep\/"},{"@type":"ListItem","position":3,"name":"Worek Bia\u0142o-Zielone Ladies Gda\u0144ska"}]},{"@type":"WebSite","@id":"https:\/\/bialozielonerugbygdansk.pl\/#website","url":"https:\/\/bialozielonerugbygdansk.pl\/","name":"Bia\u0142o-Zielone Ladies Gda\u0144sk","description":"Mistrzynie Polski w rugby 7 !","publisher":{"@id":"https:\/\/bialozielonerugbygdansk.pl\/#organization"},"alternateName":"Energa","potentialAction":[{"@type":"SearchAction","target":{"@type":"EntryPoint","urlTemplate":"https:\/\/bialozielonerugbygdansk.pl\/?s={search_term_string}"},"query-input":{"@type":"PropertyValueSpecification","valueRequired":true,"valueName":"search_term_string"}}],"inLanguage":"pl-PL"},{"@type":"Organization","@id":"https:\/\/bialozielonerugbygdansk.pl\/#organization","name":"Bia\u0142o-Zielone Ladies Gda\u0144sk","url":"https:\/\/bialozielonerugbygdansk.pl\/","logo":{"@type":"ImageObject","inLanguage":"pl-PL","@id":"https:\/\/bialozielonerugbygdansk.pl\/#\/schema\/logo\/image\/","url":"https:\/\/bialozielonerugbygdansk.pl\/wp-content\/uploads\/2022\/11\/Bialo-Zielone-Ladies-Gdansk-1.png","contentUrl":"https:\/\/bialozielonerugbygdansk.pl\/wp-content\/uploads\/2022\/11\/Bialo-Zielone-Ladies-Gdansk-1.png","width":100,"height":100,"caption":"Bia\u0142o-Zielone Ladies Gda\u0144sk"},"image":{"@id":"https:\/\/bialozielonerugbygdansk.pl\/#\/schema\/logo\/image\/"},"sameAs":["https:\/\/www.facebook.com\/BialoZielone","https:\/\/www.instagram.com\/energabialozieloneladies\/"]}]}},"_links":{"self":[{"href":"https:\/\/bialozielonerugbygdansk.pl\/index.php\/wp-json\/wp\/v2\/product\/3216","targetHints":{"allow":["GET"]}}],"collection":[{"href":"https:\/\/bialozielonerugbygdansk.pl\/index.php\/wp-json\/wp\/v2\/product"}],"about":[{"href":"https:\/\/bialozielonerugbygdansk.pl\/index.php\/wp-json\/wp\/v2\/types\/product"}],"wp:featuredmedia":[{"embeddable":true,"href":"https:\/\/bialozielonerugbygdansk.pl\/index.php\/wp-json\/wp\/v2\/media\/3225"}],"wp:attachment":[{"href":"https:\/\/bialozielonerugbygdansk.pl\/index.php\/wp-json\/wp\/v2\/media?parent=3216"}],"wp:term":[{"taxonomy":"product_cat","embeddable":true,"href":"https:\/\/bialozielonerugbygdansk.pl\/index.php\/wp-json\/wp\/v2\/product_cat?post=3216"},{"taxonomy":"product_tag","embeddable":true,"href":"https:\/\/bialozielonerugbygdansk.pl\/index.php\/wp-json\/wp\/v2\/product_tag?post=3216"}],"curies":[{"name":"wp","href":"https:\/\/api.w.org\/{rel}","templated":true}]}}